{"id":160,"date":"2019-02-11T12:58:39","date_gmt":"2019-02-11T12:58:39","guid":{"rendered":"http:\/\/alteregoevent.eu\/?page_id=160"},"modified":"2021-03-10T10:36:27","modified_gmt":"2021-03-10T10:36:27","slug":"contacts","status":"publish","type":"page","link":"https:\/\/alteregoevent.eu\/?page_id=160","title":{"rendered":"Contact"},"content":{"rendered":"<div id=\"dslc-theme-content\"><div id=\"dslc-theme-content-inner\"><div class=\"vce-row-container\"><div class=\"vce-row vce-row--col-gap-30 vce-row-columns--top vce-row-content--top\" id=\"el-bf0f9b37\" data-vce-do-apply=\"all el-bf0f9b37\"><div class=\"vce-content-background-container\"><\/div><div class=\"vce-row-content\" data-vce-element-content=\"true\"><div class=\"vce-col vce-col--md-100p vce-col--xs-1 vce-col--xs-last vce-col--xs-first vce-col--sm-last vce-col--sm-first vce-col--md-last vce-col--lg-last vce-col--xl-last vce-col--md-first vce-col--lg-first vce-col--xl-first\" id=\"el-768efa2d\"><div class=\"vce-col-inner\" data-vce-do-apply=\"border margin background  el-768efa2d\"><div class=\"vce-content-background-container\"><\/div><div class=\"vce-col-content\" data-vce-element-content=\"true\" data-vce-do-apply=\"padding el-768efa2d\"><div class=\"vce-row-container\"><div class=\"vce-row vce-row--col-gap-30 vce-row-columns--top vce-row-content--top\" id=\"el-9582d91e\" data-vce-do-apply=\"all el-9582d91e\"><div class=\"vce-content-background-container\"><\/div><div class=\"vce-row-content\" data-vce-element-content=\"true\"><div class=\"vce-col vce-col--md-100p vce-col--xs-1 vce-col--xs-last vce-col--xs-first vce-col--sm-last vce-col--sm-first vce-col--md-last vce-col--lg-last vce-col--xl-last vce-col--md-first vce-col--lg-first vce-col--xl-first\" id=\"el-8379afb8\"><div class=\"vce-col-inner\" data-vce-do-apply=\"border margin background  el-8379afb8\"><div class=\"vce-col-content\" data-vce-element-content=\"true\" data-vce-do-apply=\"padding el-8379afb8\"><div class=\"vce-google-fonts-heading vce-google-fonts-heading--align-center vce-google-fonts-heading--gradient-b-167-132-97--180--b-198-198-198--b-218-218-218\"><div class=\"vce-google-fonts-heading-wrapper\" style=\"\"><div class=\"vce-google-fonts-heading--background vce\" id=\"el-d77fa8f8\" data-vce-do-apply=\"border background  padding margin el-d77fa8f8\" data-vce-animate=\"vce-o-animate--zoomIn\"><h1 class=\"vce-google-fonts-heading-inner\" style=\"font-family: &quot;Open Sans&quot;; font-weight: 400;\">Contact<\/h1><\/div><\/div><\/div><\/div><\/div><\/div><\/div><\/div><\/div><div class=\"vce-row-container\"><div class=\"vce-row vce-row--col-gap-30 vce-row-columns--top vce-row-content--top\" id=\"el-d1a4c0cb\" data-vce-do-apply=\"all el-d1a4c0cb\"><div class=\"vce-row-content\" data-vce-element-content=\"true\"><div class=\"vce-col vce-col--md-100p vce-col--xs-1 vce-col--xs-last vce-col--xs-first vce-col--sm-last vce-col--sm-first vce-col--md-last vce-col--lg-last vce-col--xl-last vce-col--md-first vce-col--lg-first vce-col--xl-first\" id=\"el-6f696b0f\"><div class=\"vce-col-inner\" data-vce-do-apply=\"border margin background  el-6f696b0f\"><div class=\"vce-col-content\" data-vce-element-content=\"true\" data-vce-do-apply=\"padding el-6f696b0f\"><div class=\"vce-text-block\" style=\"\"><div class=\"vce-text-block-wrapper vce\" id=\"el-9122a931\" data-vce-do-apply=\"all el-9122a931\" data-vce-animate=\"vce-o-animate--slideInLeft\"><blockquote><h2>Contactez-nous et parlons ensemble de votre projet!<\/h2><\/blockquote><\/div><\/div><\/div><\/div><\/div><\/div><\/div><\/div><\/div><\/div><\/div><\/div><\/div><\/div><div class=\"vce-row-container\"><div class=\"vce-row vce-row--has-col-background vce-row--col-gap-30 vce-row-equal-height vce-row-columns--top vce-row-content--top\" id=\"el-3df4ee9c\" data-vce-do-apply=\"all el-3df4ee9c\" data-vce-animate=\"vce-o-animate--slideInUp\"><div class=\"vce-content-background-container\"><\/div><div class=\"vce-row-content\" data-vce-element-content=\"true\"><div class=\"vce-col vce-element--has-background vce-col--md-33-33p vce-col--xs-1 vce-col--xs-last vce-col--xs-first vce-col--sm-last vce-col--sm-first vce-col--md-first vce-col--lg-first vce-col--xl-first shadow\" id=\"el-c905ec81\"><div class=\"vce-col-inner\" data-vce-do-apply=\"border margin background  el-c905ec81\"><div class=\"vce-content-background-container\"><div class=\"vce-asset-color-gradient-container vce-visible-all-only\" data-vce-do-apply=\"gradient el-c905ec81\"><\/div><\/div><div class=\"vce-col-content\" data-vce-element-content=\"true\" data-vce-do-apply=\"padding el-c905ec81\"><div class=\"vce-single-image-container vce-single-image--align-center\" style=\"\"><div class=\"vce vce-single-image-wrapper\" id=\"el-3e41ba96\" data-vce-do-apply=\"all el-3e41ba96\" data-vce-animate=\"vce-o-animate--bounceIn\"><figure><div class=\"vce-single-image-inner vce-single-image--border-round\"><img class=\"vce-single-image\" data-width=\"150\" data-height=\"150\"src=\"https:\/\/alteregoevent.eu\/wp-content\/uploads\/2021\/03\/IMG_0015-150x150.jpg\" data-img-src=\"https:\/\/alteregoevent.eu\/wp-content\/uploads\/2019\/03\/IMG_0015.jpg\" alt=\"\" title=\"Virginie Brose\"\/><\/div><\/figure><\/div><\/div><div class=\"vce-google-fonts-heading vce-google-fonts-heading--align-center vce-google-fonts-heading--color-b-183-164-129--180--b-231-180-96--b-167-132-97\"><div class=\"vce-google-fonts-heading-wrapper\"><div class=\"vce-google-fonts-heading--background vce\" id=\"el-8436c725\" data-vce-do-apply=\"border background  padding margin el-8436c725\"><h2 class=\"vce-google-fonts-heading-inner\" style=\"font-family: Abel; font-weight: 400;\">Virginie Brose<\/h2><\/div><\/div><\/div><div class=\"vce-text-block\"><div class=\"vce-text-block-wrapper vce\" id=\"el-10acf7ac\" data-vce-do-apply=\"all el-10acf7ac\"><h6 style=\"text-align: center;\"><span style=\"color: #808080;\">Owner &amp; Founder<br><br>Managing Director Belgium &amp; LuxembOurg<br><\/span><\/h6><h6 style=\"text-align: center;\"><span style=\"color: #999999;\">LUX: +352 691 686 686<br><\/span><span style=\"color: #999999;\">BEL: +32 477 93 04 07<\/span><\/h6><\/div><\/div><div class=\"vce-button--style-outline-container vce-button--style-outline-container--align-center\"><span class=\"vce-button--style-outline-wrapper vce vce-button--style-outline-wrapper--stretched\" id=\"el-a928bd11\" data-vce-do-apply=\"margin el-a928bd11\"><a class=\"vce-button--style-outline-animated vce-button--style-outline--border-round vce-button--style-outline--size-small vce-button--style-outline-animated--color-b-255-255-255--fff--3d3d3d vce-button--style-outline-animated--border-color-e3e3e3--3d3d3d vce-button--style-outline-animated--background-color-b-167-132-97 vce-button--style-outline-animated--background-color-do-background-color\" href=\"mailto:virginie.brose@agencealterego.com\" title=\"Contact Virginie\" data-vce-do-apply=\"padding border background  el-a928bd11\"><span class=\"vce-button--style-outline-text\">E-mail Virginie<\/span><\/a><\/span><\/div><\/div><\/div><\/div><div class=\"vce-col vce-element--has-background vce-col--md-33-33p vce-col--xs-1 vce-col--xs-last vce-col--xs-first vce-col--sm-last vce-col--sm-first shadow\" id=\"el-d1a378d9\"><div class=\"vce-col-inner\" data-vce-do-apply=\"border margin background  el-d1a378d9\" data-vce-animate=\"vce-o-animate--slideInUp\"><div class=\"vce-content-background-container\"><div class=\"vce-asset-color-gradient-container vce-visible-all-only\" data-vce-do-apply=\"gradient el-d1a378d9\"><\/div><\/div><div class=\"vce-col-content\" data-vce-element-content=\"true\" data-vce-do-apply=\"padding el-d1a378d9\"><div class=\"vce-shortcode\"><div class=\"vce-shortcode-wrapper vce\" id=\"el-9602171b\" data-vce-do-apply=\"all el-9602171b\"><div role=\"form\" class=\"wpcf7\" id=\"wpcf7-f65-o1\" lang=\"fr-FR\" dir=\"ltr\">\n<div class=\"screen-reader-response\"><p role=\"status\" aria-live=\"polite\" aria-atomic=\"true\"><\/p> <ul><\/ul><\/div>\n<form action=\"\/index.php?rest_route=%2Fwp%2Fv2%2Fpages%2F160#wpcf7-f65-o1\" method=\"post\" class=\"wpcf7-form init\" novalidate=\"novalidate\" data-status=\"init\">\n<div style=\"display: none;\">\n<input type=\"hidden\" name=\"_wpcf7\" value=\"65\" \/>\n<input type=\"hidden\" name=\"_wpcf7_version\" value=\"5.5.6\" \/>\n<input type=\"hidden\" name=\"_wpcf7_locale\" value=\"fr_FR\" \/>\n<input type=\"hidden\" name=\"_wpcf7_unit_tag\" value=\"wpcf7-f65-o1\" \/>\n<input type=\"hidden\" name=\"_wpcf7_container_post\" value=\"0\" \/>\n<input type=\"hidden\" name=\"_wpcf7_posted_data_hash\" value=\"\" \/>\n<input type=\"hidden\" name=\"_wpcf7_recaptcha_response\" value=\"\" \/>\n<\/div>\n<p><label> Votre nom *<br \/>\n    <span class=\"wpcf7-form-control-wrap your-name\"><input type=\"text\" name=\"your-name\" value=\"\" size=\"40\" class=\"wpcf7-form-control wpcf7-text wpcf7-validates-as-required\" aria-required=\"true\" aria-invalid=\"false\" \/><\/span> <\/label><\/p>\n<p><label> Votre Email *<br \/>\n    <span class=\"wpcf7-form-control-wrap your-email\"><input type=\"email\" name=\"your-email\" value=\"\" size=\"40\" class=\"wpcf7-form-control wpcf7-text wpcf7-email wpcf7-validates-as-required wpcf7-validates-as-email\" aria-required=\"true\" aria-invalid=\"false\" \/><\/span> <\/label><\/p>\n<p><label> Si vous d\u00e9sirez \u00eatre rappel\u00e9, votre T\u00e9l\u00e9phone<br \/>\n<span class=\"wpcf7-form-control-wrap tel-748\"><input type=\"tel\" name=\"tel-748\" value=\"\" size=\"40\" class=\"wpcf7-form-control wpcf7-text wpcf7-tel wpcf7-validates-as-tel\" aria-invalid=\"false\" \/><\/span><\/label><\/p>\n<p><label> Votre message<br \/>\n    <span class=\"wpcf7-form-control-wrap your-message\"><textarea name=\"your-message\" cols=\"40\" rows=\"10\" class=\"wpcf7-form-control wpcf7-textarea\" aria-invalid=\"false\"><\/textarea><\/span> <\/label><\/p>\n<p><input type=\"submit\" value=\"Envoyer\" class=\"wpcf7-form-control has-spinner wpcf7-submit\" \/><\/p>\n<p style=\"display: none !important;\"><label>&#916;<textarea name=\"_wpcf7_ak_hp_textarea\" cols=\"45\" rows=\"8\" maxlength=\"100\"><\/textarea><\/label><input type=\"hidden\" id=\"ak_js_1\" name=\"_wpcf7_ak_js\" value=\"230\"\/><script>document.getElementById( \"ak_js_1\" ).setAttribute( \"value\", ( new Date() ).getTime() );<\/script><\/p><div class=\"wpcf7-response-output\" aria-hidden=\"true\"><\/div><\/form><\/div><\/div><\/div><\/div><\/div><\/div><div class=\"vce-col vce-col--md-33-33p vce-col--xs-1 vce-col--xs-last vce-col--xs-first vce-col--sm-last vce-col--sm-first vce-col--md-last vce-col--lg-last vce-col--xl-last shadow\" id=\"el-0f1f88f6\"><div class=\"vce-col-inner\" data-vce-do-apply=\"border margin background  el-0f1f88f6\"><div class=\"vce-content-background-container\"><div class=\"vce-asset-color-gradient-container vce-visible-all-only\" data-vce-do-apply=\"gradient el-0f1f88f6\"><\/div><\/div><div class=\"vce-col-content\" data-vce-element-content=\"true\" data-vce-do-apply=\"padding el-0f1f88f6\"><div class=\"vce-single-image-container vce-single-image--align-center\"><div class=\"vce vce-single-image-wrapper\" id=\"el-ffe9dddb\" data-vce-do-apply=\"all el-ffe9dddb\"><figure><div class=\"vce-single-image-inner\"><img class=\"vce-single-image\" data-width=\"180\" data-height=\"32\"src=\"https:\/\/alteregoevent.eu\/wp-content\/uploads\/2021\/03\/logo-180x32.png\" data-img-src=\"https:\/\/alteregoevent.eu\/wp-content\/uploads\/2019\/03\/logo.png\" alt=\"\" title=\"Alterego logo\"\/><\/div><\/figure><\/div><\/div><div class=\"vce-text-block\"><div class=\"vce-text-block-wrapper vce\" id=\"el-c4e28542\" data-vce-do-apply=\"all el-c4e28542\"><h3 style=\"text-align: center;\"><span style=\"color: #b7a481;\">Sarl<\/span><\/h3>\n<h6 style=\"text-align: center;\"><span style=\"color: #808080;\">LUXEMBOURG-BELGIQUE\n<\/span><\/h6>\n<h6 style=\"text-align: center;\"><span style=\"color: #999999;\">TVA Lu: LU24029685\nTVA Be: BE0753284677<\/span><\/h6>\n<h6 style=\"text-align: center;\"><span style=\"color: #999999;\"><a style=\"color: #999999; text-transform: initial;\" href=\"mailto:info@agencealterego.com\">info@agencealterego.com<\/a><\/span><\/h6>\n&nbsp;\n<h6 style=\"text-align: center;\"><a style=\"color: #999999; text-transform: initial;\" href=\"http:\/\/alteregoevent.eu\" target=\"_blank\" rel=\"noopener noreferrer\">www.alteregoevent.eu<\/a><\/h6><\/div><\/div><div class=\"vce-single-image-container vce-single-image--align-center\" style=\"\"><div class=\"vce vce-single-image-wrapper\" id=\"el-a6dc223f\" data-vce-do-apply=\"all el-a6dc223f\" data-vce-animate=\"vce-o-animate--slideInUp\"><figure><div class=\"vce-single-image-inner vce-single-image--border-round vce-image-filter--willow\"><img class=\"vce-single-image\" data-width=\"200\" data-height=\"200\"src=\"https:\/\/alteregoevent.eu\/wp-content\/uploads\/2021\/03\/21-200x200.jpg\" data-img-src=\"https:\/\/alteregoevent.eu\/wp-content\/uploads\/2019\/03\/21.jpg\" alt=\"\" title=\"Alterego event\"\/><\/div><\/figure><\/div><\/div><\/div><\/div><\/div><\/div><\/div><\/div><div class=\"vce-row-container\"><div class=\"vce-row vce-row--col-gap-30 vce-row-equal-height vce-row-columns--top vce-row-content--top\" id=\"el-1eee789b\" data-vce-do-apply=\"all el-1eee789b\" data-vce-animate=\"vce-o-animate--slideInUp\"><div class=\"vce-content-background-container\"><\/div><div class=\"vce-row-content\" data-vce-element-content=\"true\"><div class=\"vce-col vce-col--md-33-33p vce-col--xs-1 vce-col--xs-last vce-col--xs-first vce-col--sm-last vce-col--sm-first vce-col--md-first vce-col--lg-first vce-col--xl-first\" id=\"el-48e42b48\"><div class=\"vce-col-inner\" data-vce-do-apply=\"border margin background  el-48e42b48\"><div class=\"vce-col-content\" data-vce-element-content=\"true\" data-vce-do-apply=\"padding el-48e42b48\"><div class=\"vce-single-image-container vce-single-image--align-center\" style=\"\"><div class=\"vce vce-single-image-wrapper\" id=\"el-fe2c5ca7\" data-vce-do-apply=\"all el-fe2c5ca7\" data-vce-animate=\"vce-o-animate--slideInUp\"><figure><div class=\"vce-single-image-inner vce-single-image--border-round vce-image-filter--willow\"><img class=\"vce-single-image\" data-width=\"199\" data-height=\"199\"src=\"https:\/\/alteregoevent.eu\/wp-content\/uploads\/2021\/03\/3-199x199.jpe\" data-img-src=\"https:\/\/alteregoevent.eu\/wp-content\/uploads\/2019\/03\/3.jpe\" alt=\"\" title=\"Alterego event\"\/><\/div><\/figure><\/div><\/div><\/div><\/div><\/div><div class=\"vce-col vce-col--md-33-33p vce-col--xs-1 vce-col--xs-last vce-col--xs-first vce-col--sm-last vce-col--sm-first\" id=\"el-34d20acb\"><div class=\"vce-col-inner\" data-vce-do-apply=\"border margin background  el-34d20acb\"><div class=\"vce-col-content\" data-vce-element-content=\"true\" data-vce-do-apply=\"padding el-34d20acb\"><div class=\"vce-single-image-container vce-single-image--align-center\" style=\"\"><div class=\"vce vce-single-image-wrapper\" id=\"el-5ca54006\" data-vce-do-apply=\"all el-5ca54006\" data-vce-animate=\"vce-o-animate--slideInUp\"><figure><div class=\"vce-single-image-inner vce-single-image--border-round vce-image-filter--willow\"><img class=\"vce-single-image\" data-width=\"200\" data-height=\"200\"src=\"https:\/\/alteregoevent.eu\/wp-content\/uploads\/2021\/03\/4-1-200x200.jpg\" data-img-src=\"https:\/\/alteregoevent.eu\/wp-content\/uploads\/2019\/03\/4-1.jpg\" alt=\"\" title=\"Alterego event\"\/><\/div><\/figure><\/div><\/div><\/div><\/div><\/div><div class=\"vce-col vce-col--md-33-33p vce-col--xs-1 vce-col--xs-last vce-col--xs-first vce-col--sm-last vce-col--sm-first vce-col--md-last vce-col--lg-last vce-col--xl-last\" id=\"el-05d83485\"><div class=\"vce-col-inner\" data-vce-do-apply=\"border margin background  el-05d83485\"><div class=\"vce-col-content\" data-vce-element-content=\"true\" data-vce-do-apply=\"padding el-05d83485\"><div class=\"vce-single-image-container vce-single-image--align-center\" style=\"\"><div class=\"vce vce-single-image-wrapper\" id=\"el-6653f580\" data-vce-do-apply=\"all el-6653f580\" data-vce-animate=\"vce-o-animate--slideInUp\"><figure><div class=\"vce-single-image-inner vce-single-image--border-round vce-image-filter--willow\"><img class=\"vce-single-image\" data-width=\"200\" data-height=\"200\"src=\"https:\/\/alteregoevent.eu\/wp-content\/uploads\/2021\/03\/22-200x200.jpg\" data-img-src=\"https:\/\/alteregoevent.eu\/wp-content\/uploads\/2019\/03\/22.jpg\" alt=\"\" title=\"Alterego event\"\/><\/div><\/figure><\/div><\/div><\/div><\/div><\/div><\/div><\/div><\/div><div class=\"vce-row-container\"><div class=\"vce-row vce-row--col-gap-30 vce-row-columns--top vce-row-content--top\" id=\"el-b5d9b3ef\" data-vce-do-apply=\"all el-b5d9b3ef\"><div class=\"vce-row-content\" data-vce-element-content=\"true\"><div class=\"vce-col vce-col--md-100p vce-col--xs-1 vce-col--xs-last vce-col--xs-first vce-col--sm-last vce-col--sm-first vce-col--md-last vce-col--lg-last vce-col--xl-last vce-col--md-first vce-col--lg-first vce-col--xl-first\" id=\"el-fd1c4b53\"><div class=\"vce-col-inner\" data-vce-do-apply=\"border margin background  el-fd1c4b53\"><div class=\"vce-col-content\" data-vce-element-content=\"true\" data-vce-do-apply=\"padding el-fd1c4b53\"><\/div><\/div><\/div><\/div><\/div><\/div>\n<\/div><\/div>","protected":false},"excerpt":{"rendered":"<p>ContactContactez-nous et parlons ensemble de votre projet!Virginie BroseOwner &amp; FounderManaging Director Belgium &amp; LuxembOurgLUX: +352 691 686 686BEL: +32 477 93 04 07E-mail VirginieSarl LUXEMBOURG-BELGIQUE TVA Lu: LU24029685 TVA Be: BE0753284677 info@agencealterego.com &nbsp; www.alteregoevent.eu<\/p>\n","protected":false},"author":1,"featured_media":0,"parent":0,"menu_order":88,"comment_status":"closed","ping_status":"closed","template":"","meta":{"footnotes":""},"yoast_head":"<!-- This site is optimized with the Yoast SEO plugin v16.0.2 - https:\/\/yoast.com\/wordpress\/plugins\/seo\/ -->\n<title>Contact - ALTEREGO Event Creation<\/title>\n<meta name=\"description\" content=\"Alterego event sp\u00e9cialistes \u00e9v\u00e8nementiel Luxembourg Belgique Event design People for events Event equipment rental Area Activities Contactez-nous\" \/>\n<link rel=\"canonical\" href=\"https:\/\/alteregoevent.eu\/?page_id=160\" \/>\n<meta property=\"og:locale\" content=\"fr_FR\" \/>\n<meta property=\"og:type\" content=\"article\" \/>\n<meta property=\"og:title\" content=\"Contact - ALTEREGO Event Creation\" \/>\n<meta property=\"og:description\" content=\"Alterego event sp\u00e9cialistes \u00e9v\u00e8nementiel Luxembourg Belgique Event design People for events Event equipment rental Area Activities Contactez-nous\" \/>\n<meta property=\"og:url\" content=\"https:\/\/alteregoevent.eu\/?page_id=160\" \/>\n<meta property=\"og:site_name\" content=\"ALTEREGO Event Creation\" \/>\n<meta property=\"article:modified_time\" content=\"2021-03-10T10:36:27+00:00\" \/>\n<meta property=\"og:image\" content=\"http:\/\/|!|vcvUploadUrl|!|\/2021\/03\/IMG_0015-150x150.jpg\" \/>\n<meta name=\"twitter:card\" content=\"summary_large_image\" \/>\n<script type=\"application\/ld+json\" class=\"yoast-schema-graph\">{\"@context\":\"https:\/\/schema.org\",\"@graph\":[{\"@type\":\"WebSite\",\"@id\":\"https:\/\/alteregoevent.eu\/#website\",\"url\":\"https:\/\/alteregoevent.eu\/\",\"name\":\"ALTEREGO Event Creation\",\"description\":\"Un \\u00e9v\\u00e8nementiel ma\\u00eetris\\u00e9\",\"potentialAction\":[{\"@type\":\"SearchAction\",\"target\":\"https:\/\/alteregoevent.eu\/?s={search_term_string}\",\"query-input\":\"required name=search_term_string\"}],\"inLanguage\":\"fr-FR\"},{\"@type\":\"ImageObject\",\"@id\":\"https:\/\/alteregoevent.eu\/?page_id=160#primaryimage\",\"inLanguage\":\"fr-FR\",\"url\":\"|!|vcvUploadUrl|!|\/2021\/03\/IMG_0015-150x150.jpg\"},{\"@type\":\"WebPage\",\"@id\":\"https:\/\/alteregoevent.eu\/?page_id=160#webpage\",\"url\":\"https:\/\/alteregoevent.eu\/?page_id=160\",\"name\":\"Contact - ALTEREGO Event Creation\",\"isPartOf\":{\"@id\":\"https:\/\/alteregoevent.eu\/#website\"},\"primaryImageOfPage\":{\"@id\":\"https:\/\/alteregoevent.eu\/?page_id=160#primaryimage\"},\"datePublished\":\"2019-02-11T12:58:39+00:00\",\"dateModified\":\"2021-03-10T10:36:27+00:00\",\"description\":\"Alterego event sp\\u00e9cialistes \\u00e9v\\u00e8nementiel Luxembourg Belgique Event design People for events Event equipment rental Area Activities Contactez-nous\",\"breadcrumb\":{\"@id\":\"https:\/\/alteregoevent.eu\/?page_id=160#breadcrumb\"},\"inLanguage\":\"fr-FR\",\"potentialAction\":[{\"@type\":\"ReadAction\",\"target\":[\"https:\/\/alteregoevent.eu\/?page_id=160\"]}]},{\"@type\":\"BreadcrumbList\",\"@id\":\"https:\/\/alteregoevent.eu\/?page_id=160#breadcrumb\",\"itemListElement\":[{\"@type\":\"ListItem\",\"position\":1,\"item\":{\"@type\":\"WebPage\",\"@id\":\"https:\/\/alteregoevent.eu\/\",\"url\":\"https:\/\/alteregoevent.eu\/\",\"name\":\"Home\"}},{\"@type\":\"ListItem\",\"position\":2,\"item\":{\"@type\":\"WebPage\",\"@id\":\"https:\/\/alteregoevent.eu\/?page_id=160\",\"url\":\"https:\/\/alteregoevent.eu\/?page_id=160\",\"name\":\"Contact\"}}]}]}<\/script>\n<!-- \/ Yoast SEO plugin. -->","_links":{"self":[{"href":"https:\/\/alteregoevent.eu\/index.php?rest_route=\/wp\/v2\/pages\/160"}],"collection":[{"href":"https:\/\/alteregoevent.eu\/index.php?rest_route=\/wp\/v2\/pages"}],"about":[{"href":"https:\/\/alteregoevent.eu\/index.php?rest_route=\/wp\/v2\/types\/page"}],"author":[{"embeddable":true,"href":"https:\/\/alteregoevent.eu\/index.php?rest_route=\/wp\/v2\/users\/1"}],"replies":[{"embeddable":true,"href":"https:\/\/alteregoevent.eu\/index.php?rest_route=%2Fwp%2Fv2%2Fcomments&post=160"}],"version-history":[{"count":186,"href":"https:\/\/alteregoevent.eu\/index.php?rest_route=\/wp\/v2\/pages\/160\/revisions"}],"predecessor-version":[{"id":2852,"href":"https:\/\/alteregoevent.eu\/index.php?rest_route=\/wp\/v2\/pages\/160\/revisions\/2852"}],"wp:attachment":[{"href":"https:\/\/alteregoevent.eu\/index.php?rest_route=%2Fwp%2Fv2%2Fmedia&parent=160"}],"curies":[{"name":"wp","href":"https:\/\/api.w.org\/{rel}","templated":true}]}}